{"id":1062,"date":"2019-12-02T17:52:16","date_gmt":"2019-12-02T17:52:16","guid":{"rendered":"https:\/\/www.yourflatvalencia.com\/?page_id=1062"},"modified":"2019-12-03T21:34:00","modified_gmt":"2019-12-03T21:34:00","slug":"elementor-1062","status":"publish","type":"page","link":"https:\/\/www.yourflatvalencia.com\/?page_id=1062","title":{"rendered":"Ubicaci\u00f3n"},"content":{"rendered":"\t\t<div data-elementor-type=\"wp-page\" data-elementor-id=\"1062\" class=\"elementor elementor-1062\">\n\t\t\t\t\t\t<section class=\"elementor-section elementor-top-section elementor-element elementor-element-6b7abd91 elementor-section-boxed elementor-section-height-default elementor-section-height-default\" data-id=\"6b7abd91\" data-element_type=\"section\" data-settings=\"{&quot;background_background&quot;:&quot;classic&quot;}\">\n\t\t\t\t\t\t\t<div class=\"elementor-background-overlay\"><\/div>\n\t\t\t\t\t\t\t<div class=\"elementor-container elementor-column-gap-default\">\n\t\t\t\t\t<div class=\"elementor-column elementor-col-100 elementor-top-column elementor-element elementor-element-7cb9ba68\" data-id=\"7cb9ba68\" data-element_type=\"column\" data-settings=\"{&quot;background_background&quot;:&quot;classic&quot;}\">\n\t\t\t<div class=\"elementor-widget-wrap elementor-element-populated\">\n\t\t\t\t\t\t<div class=\"elementor-element elementor-element-40193542 elementor-widget elementor-widget-heading\" data-id=\"40193542\" data-element_type=\"widget\" data-widget_type=\"heading.default\">\n\t\t\t\t<div class=\"elementor-widget-container\">\n\t\t\t\t\t<h2 class=\"elementor-heading-title elementor-size-large\">Ubicaci\u00f3n<\/h2>\t\t\t\t<\/div>\n\t\t\t\t<\/div>\n\t\t\t\t<div class=\"elementor-element elementor-element-18823539 elementor-arrows-position-inside elementor-pagination-position-outside elementor-widget elementor-widget-image-carousel\" data-id=\"18823539\" data-element_type=\"widget\" data-settings=\"{&quot;slides_to_show&quot;:&quot;1&quot;,&quot;navigation&quot;:&quot;both&quot;,&quot;autoplay&quot;:&quot;yes&quot;,&quot;pause_on_hover&quot;:&quot;yes&quot;,&quot;pause_on_interaction&quot;:&quot;yes&quot;,&quot;autoplay_speed&quot;:5000,&quot;infinite&quot;:&quot;yes&quot;,&quot;effect&quot;:&quot;slide&quot;,&quot;speed&quot;:500}\" data-widget_type=\"image-carousel.default\">\n\t\t\t\t<div class=\"elementor-widget-container\">\n\t\t\t\t\t\t\t<div class=\"elementor-image-carousel-wrapper swiper\" role=\"region\" aria-roledescription=\"carousel\" aria-label=\"Carrusel de im\u00e1genes\" dir=\"ltr\">\n\t\t\t<div class=\"elementor-image-carousel swiper-wrapper swiper-image-stretch\" aria-live=\"off\">\n\t\t\t\t\t\t\t\t<div class=\"swiper-slide\" role=\"group\" aria-roledescription=\"slide\" aria-label=\"1 de 3\"><a data-elementor-open-lightbox=\"yes\" data-elementor-lightbox-slideshow=\"18823539\" data-elementor-lightbox-title=\"1-Entorno\" data-e-action-hash=\"#elementor-action%3Aaction%3Dlightbox%26settings%3DeyJpZCI6OTA2LCJ1cmwiOiJodHRwczpcL1wvd3d3LnlvdXJmbGF0dmFsZW5jaWEuY29tXC93cC1jb250ZW50XC91cGxvYWRzXC8xLUVudG9ybm8uanBnIiwic2xpZGVzaG93IjoiMTg4MjM1MzkifQ%3D%3D\" href=\"#1.-%20Loft%20Totalmente%20equipado%20+%20Garaje%20y%20Wifi\"><figure class=\"swiper-slide-inner\"><img decoding=\"async\" class=\"swiper-slide-image\" src=\"https:\/\/www.yourflatvalencia.com\/wp-content\/uploads\/elementor\/thumbs\/1-Entorno-ohdrhbpv17jz3vbdfhsohun5n8q73u6sucv9hpwtc8.jpg\" alt=\"Apartamento 1, Loft Totalmente equipado + Garaje y wifi,  Vista desde: Avenida Cardenal Benlloch, desde Avenida del puerto\" \/><figcaption class=\"elementor-image-carousel-caption\">Apartamento 1, Loft Totalmente equipado + Garaje y wifi,  Vista desde: Avenida Cardenal Benlloch, desde Avenida del puerto<\/figcaption><\/figure><\/a><\/div><div class=\"swiper-slide\" role=\"group\" aria-roledescription=\"slide\" aria-label=\"2 de 3\"><a data-elementor-open-lightbox=\"yes\" data-elementor-lightbox-slideshow=\"18823539\" data-elementor-lightbox-title=\"2-Entorno\" data-e-action-hash=\"#elementor-action%3Aaction%3Dlightbox%26settings%3DeyJpZCI6OTA3LCJ1cmwiOiJodHRwczpcL1wvd3d3LnlvdXJmbGF0dmFsZW5jaWEuY29tXC93cC1jb250ZW50XC91cGxvYWRzXC8yLUVudG9ybm8uanBnIiwic2xpZGVzaG93IjoiMTg4MjM1MzkifQ%3D%3D\" href=\"#1.-%20Loft%20Totalmente%20equipado%20+%20Garaje%20y%20Wifi\"><figure class=\"swiper-slide-inner\"><img decoding=\"async\" class=\"swiper-slide-image\" src=\"https:\/\/www.yourflatvalencia.com\/wp-content\/uploads\/elementor\/thumbs\/2-Entorno-ohdridben0rynbynjoatzo0oirlqafsua33cp3mokg.jpg\" alt=\"Apartamento  2, Piso en Mestalla totalmente equipado + Garaje + WiFi, Vista desde: Calle Caravaca Esquina Avenida Cardenal Benlloch\" \/><figcaption class=\"elementor-image-carousel-caption\">Apartamento  2, Piso en Mestalla totalmente equipado + Garaje + WiFi, Vista desde: Calle Caravaca Esquina Avenida Cardenal Benlloch<\/figcaption><\/figure><\/a><\/div><div class=\"swiper-slide\" role=\"group\" aria-roledescription=\"slide\" aria-label=\"3 de 3\"><a data-elementor-open-lightbox=\"yes\" data-elementor-lightbox-slideshow=\"18823539\" data-elementor-lightbox-title=\"3-Entorno\" data-e-action-hash=\"#elementor-action%3Aaction%3Dlightbox%26settings%3DeyJpZCI6OTA4LCJ1cmwiOiJodHRwczpcL1wvd3d3LnlvdXJmbGF0dmFsZW5jaWEuY29tXC93cC1jb250ZW50XC91cGxvYWRzXC8zLUVudG9ybm8uanBnIiwic2xpZGVzaG93IjoiMTg4MjM1MzkifQ%3D%3D\" href=\"#1.-%20Loft%20Totalmente%20equipado%20+%20Garaje%20y%20Wifi\"><figure class=\"swiper-slide-inner\"><img decoding=\"async\" class=\"swiper-slide-image\" src=\"https:\/\/www.yourflatvalencia.com\/wp-content\/uploads\/elementor\/thumbs\/3-Entorno-ohdrijw9zatcmvp5uq43up0si1wcb7purwvc6fuy4o.jpg\" alt=\"Apartamento  3, Jacuzzi en Mestalla, Patio, WiFi, Tv. Piso entero, Vista desde: Avenida Cardenal Benlloch Esquina Calle Caravaca.\" \/><figcaption class=\"elementor-image-carousel-caption\">Apartamento  3, Jacuzzi en Mestalla, Patio, WiFi, Tv. Piso entero, Vista desde: Avenida Cardenal Benlloch Esquina Calle Caravaca.<\/figcaption><\/figure><\/a><\/div>\t\t\t<\/div>\n\t\t\t\t\t\t\t\t\t\t\t\t<div class=\"elementor-swiper-button elementor-swiper-button-prev\" role=\"button\" tabindex=\"0\">\n\t\t\t\t\t\t<i aria-hidden=\"true\" class=\"eicon-chevron-left\"><\/i>\t\t\t\t\t<\/div>\n\t\t\t\t\t<div class=\"elementor-swiper-button elementor-swiper-button-next\" role=\"button\" tabindex=\"0\">\n\t\t\t\t\t\t<i aria-hidden=\"true\" class=\"eicon-chevron-right\"><\/i>\t\t\t\t\t<\/div>\n\t\t\t\t\n\t\t\t\t\t\t\t\t\t<div class=\"swiper-pagination\"><\/div>\n\t\t\t\t\t\t\t\t\t<\/div>\n\t\t\t\t\t\t<\/div>\n\t\t\t\t<\/div>\n\t\t\t\t<div class=\"elementor-element elementor-element-6881836 elementor-align-center elementor-widget elementor-widget-button\" data-id=\"6881836\" data-element_type=\"widget\" data-settings=\"{&quot;_animation&quot;:&quot;none&quot;}\" data-widget_type=\"button.default\">\n\t\t\t\t<div class=\"elementor-widget-container\">\n\t\t\t\t\t\t\t\t\t<div class=\"elementor-button-wrapper\">\n\t\t\t\t\t<a class=\"elementor-button elementor-button-link elementor-size-md\" href=\"https:\/\/www.yourflatvalencia.com\/#0-Apartamentos\" rel=\"nofollow\">\n\t\t\t\t\t\t<span class=\"elementor-button-content-wrapper\">\n\t\t\t\t\t\t<span class=\"elementor-button-icon\">\n\t\t\t\t<i aria-hidden=\"true\" class=\"fas fa-home\"><\/i>\t\t\t<\/span>\n\t\t\t\t\t\t\t\t\t<span class=\"elementor-button-text\">Ver \u00f3 Reservar Apartamentos<\/span>\n\t\t\t\t\t<\/span>\n\t\t\t\t\t<\/a>\n\t\t\t\t<\/div>\n\t\t\t\t\t\t\t\t<\/div>\n\t\t\t\t<\/div>\n\t\t\t\t<div class=\"elementor-element elementor-element-eb0a338 elementor-position-inline-start elementor-view-default elementor-mobile-position-block-start elementor-widget elementor-widget-icon-box\" data-id=\"eb0a338\" data-element_type=\"widget\" data-widget_type=\"icon-box.default\">\n\t\t\t\t<div class=\"elementor-widget-container\">\n\t\t\t\t\t\t\t<div class=\"elementor-icon-box-wrapper\">\n\n\t\t\t\t\t\t<div class=\"elementor-icon-box-icon\">\n\t\t\t\t<span  class=\"elementor-icon\">\n\t\t\t\t<i aria-hidden=\"true\" class=\"fas fa-map-marker-alt\"><\/i>\t\t\t\t<\/span>\n\t\t\t<\/div>\n\t\t\t\n\t\t\t\t\t\t<div class=\"elementor-icon-box-content\">\n\n\t\t\t\t\t\t\t\t\t<h3 class=\"elementor-icon-box-title\">\n\t\t\t\t\t\t<span  >\n\t\t\t\t\t\t\tValencia, Espa\u00f1a\t\t\t\t\t\t<\/span>\n\t\t\t\t\t<\/h3>\n\t\t\t\t\n\t\t\t\t\t\t\t\t\t<p class=\"elementor-icon-box-description\">\n\t\t\t\t\t\tA tres kil\u00f3metros del centro de la ciudad, a tres kil\u00f3metros de la playa, a dos kil\u00f3metros de la Ciudad de las Artes y las Ciencias (Hemisf\u00e9rico, Museo de las Ciencias y Oceanogr\u00e1fico), a kil\u00f3metro y medio del Parque Gulliver, a quinietos metros del Estadio del Valencia (Mestalla), a un kilometro del Palau de la M\u00fasica...\t\t\t\t\t<\/p>\n\t\t\t\t\n\t\t\t<\/div>\n\t\t\t\n\t\t<\/div>\n\t\t\t\t\t\t<\/div>\n\t\t\t\t<\/div>\n\t\t\t\t\t<\/div>\n\t\t<\/div>\n\t\t\t\t\t<\/div>\n\t\t<\/section>\n\t\t\t\t<\/div>\n\t\t","protected":false},"excerpt":{"rendered":"<p>Ubicaci\u00f3n Apartamento 1, Loft Totalmente equipado + Garaje y wifi, Vista desde: Avenida Cardenal Benlloch, desde Avenida del puerto Apartamento 2, Piso en Mestalla totalmente equipado + Garaje + WiFi, Vista desde: Calle Caravaca Esquina Avenida Cardenal Benlloch Apartamento 3, Jacuzzi en Mestalla, Patio, WiFi, Tv. Piso entero, Vista desde: Avenida Cardenal Benlloch Esquina Calle&hellip;&nbsp;<a href=\"https:\/\/www.yourflatvalencia.com\/?page_id=1062\" rel=\"bookmark\">Leer m\u00e1s &raquo;<span class=\"screen-reader-text\">Ubicaci\u00f3n<\/span><\/a><\/p>\n","protected":false},"author":1,"featured_media":0,"parent":0,"menu_order":0,"comment_status":"closed","ping_status":"closed","template":"page-templates\/template-pagebuilder-full-width.php","meta":{"neve_meta_sidebar":"full-width","neve_meta_container":"default","neve_meta_enable_content_width":"on","neve_meta_content_width":100,"neve_meta_title_alignment":"","neve_meta_author_avatar":"","neve_post_elements_order":"","neve_meta_disable_header":"off","neve_meta_disable_footer":"off","neve_meta_disable_title":"off","footnotes":""},"class_list":["post-1062","page","type-page","status-publish","hentry"],"yoast_head":"<!-- This site is optimized with the Yoast SEO plugin v24.2 - https:\/\/yoast.com\/wordpress\/plugins\/seo\/ -->\n<title>Ubicaci\u00f3n - yourflatvalencia.com<\/title>\n<meta name=\"robots\" content=\"index, follow, max-snippet:-1, max-image-preview:large, max-video-preview:-1\" \/>\n<link rel=\"canonical\" href=\"https:\/\/www.yourflatvalencia.com\/?page_id=1062\" \/>\n<meta property=\"og:locale\" content=\"es_ES\" \/>\n<meta property=\"og:type\" content=\"article\" \/>\n<meta property=\"og:title\" content=\"Ubicaci\u00f3n - yourflatvalencia.com\" \/>\n<meta property=\"og:description\" content=\"Ubicaci\u00f3n Apartamento 1, Loft Totalmente equipado + Garaje y wifi, Vista desde: Avenida Cardenal Benlloch, desde Avenida del puerto Apartamento 2, Piso en Mestalla totalmente equipado + Garaje + WiFi, Vista desde: Calle Caravaca Esquina Avenida Cardenal Benlloch Apartamento 3, Jacuzzi en Mestalla, Patio, WiFi, Tv. Piso entero, Vista desde: Avenida Cardenal Benlloch Esquina Calle&hellip;&nbsp;Leer m\u00e1s &raquo;Ubicaci\u00f3n\" \/>\n<meta property=\"og:url\" content=\"https:\/\/www.yourflatvalencia.com\/?page_id=1062\" \/>\n<meta property=\"og:site_name\" content=\"yourflatvalencia.com\" \/>\n<meta property=\"article:modified_time\" content=\"2019-12-03T21:34:00+00:00\" \/>\n<meta property=\"og:image\" content=\"https:\/\/www.yourflatvalencia.com\/wp-content\/uploads\/elementor\/thumbs\/1-Entorno-ohdrhbpv17jz3vbdfhsohun5n8q73u6sucv9hpwtc8.jpg\" \/>\n<meta name=\"twitter:card\" content=\"summary_large_image\" \/>\n<meta name=\"twitter:label1\" content=\"Tiempo de lectura\" \/>\n\t<meta name=\"twitter:data1\" content=\"1 minuto\" \/>\n<script type=\"application\/ld+json\" class=\"yoast-schema-graph\">{\"@context\":\"https:\/\/schema.org\",\"@graph\":[{\"@type\":\"WebPage\",\"@id\":\"https:\/\/www.yourflatvalencia.com\/?page_id=1062\",\"url\":\"https:\/\/www.yourflatvalencia.com\/?page_id=1062\",\"name\":\"Ubicaci\u00f3n - yourflatvalencia.com\",\"isPartOf\":{\"@id\":\"https:\/\/www.yourflatvalencia.com\/#website\"},\"primaryImageOfPage\":{\"@id\":\"https:\/\/www.yourflatvalencia.com\/?page_id=1062#primaryimage\"},\"image\":{\"@id\":\"https:\/\/www.yourflatvalencia.com\/?page_id=1062#primaryimage\"},\"thumbnailUrl\":\"https:\/\/www.yourflatvalencia.com\/wp-content\/uploads\/elementor\/thumbs\/1-Entorno-ohdrhbpv17jz3vbdfhsohun5n8q73u6sucv9hpwtc8.jpg\",\"datePublished\":\"2019-12-02T17:52:16+00:00\",\"dateModified\":\"2019-12-03T21:34:00+00:00\",\"breadcrumb\":{\"@id\":\"https:\/\/www.yourflatvalencia.com\/?page_id=1062#breadcrumb\"},\"inLanguage\":\"es\",\"potentialAction\":[{\"@type\":\"ReadAction\",\"target\":[\"https:\/\/www.yourflatvalencia.com\/?page_id=1062\"]}]},{\"@type\":\"ImageObject\",\"inLanguage\":\"es\",\"@id\":\"https:\/\/www.yourflatvalencia.com\/?page_id=1062#primaryimage\",\"url\":\"https:\/\/www.yourflatvalencia.com\/wp-content\/uploads\/elementor\/thumbs\/1-Entorno-ohdrhbpv17jz3vbdfhsohun5n8q73u6sucv9hpwtc8.jpg\",\"contentUrl\":\"https:\/\/www.yourflatvalencia.com\/wp-content\/uploads\/elementor\/thumbs\/1-Entorno-ohdrhbpv17jz3vbdfhsohun5n8q73u6sucv9hpwtc8.jpg\"},{\"@type\":\"BreadcrumbList\",\"@id\":\"https:\/\/www.yourflatvalencia.com\/?page_id=1062#breadcrumb\",\"itemListElement\":[{\"@type\":\"ListItem\",\"position\":1,\"name\":\"Portada\",\"item\":\"https:\/\/www.yourflatvalencia.com\/\"},{\"@type\":\"ListItem\",\"position\":2,\"name\":\"Ubicaci\u00f3n\"}]},{\"@type\":\"WebSite\",\"@id\":\"https:\/\/www.yourflatvalencia.com\/#website\",\"url\":\"https:\/\/www.yourflatvalencia.com\/\",\"name\":\"yourflatvalencia.com\",\"description\":\"apartamentos valencia, flats valencia\",\"publisher\":{\"@id\":\"https:\/\/www.yourflatvalencia.com\/#organization\"},\"potentialAction\":[{\"@type\":\"SearchAction\",\"target\":{\"@type\":\"EntryPoint\",\"urlTemplate\":\"https:\/\/www.yourflatvalencia.com\/?s={search_term_string}\"},\"query-input\":{\"@type\":\"PropertyValueSpecification\",\"valueRequired\":true,\"valueName\":\"search_term_string\"}}],\"inLanguage\":\"es\"},{\"@type\":\"Organization\",\"@id\":\"https:\/\/www.yourflatvalencia.com\/#organization\",\"name\":\"yourflatvalencia.com\",\"url\":\"https:\/\/www.yourflatvalencia.com\/\",\"logo\":{\"@type\":\"ImageObject\",\"inLanguage\":\"es\",\"@id\":\"https:\/\/www.yourflatvalencia.com\/#\/schema\/logo\/image\/\",\"url\":\"\",\"contentUrl\":\"\",\"caption\":\"yourflatvalencia.com\"},\"image\":{\"@id\":\"https:\/\/www.yourflatvalencia.com\/#\/schema\/logo\/image\/\"}}]}<\/script>\n<!-- \/ Yoast SEO plugin. -->","yoast_head_json":{"title":"Ubicaci\u00f3n - yourflatvalencia.com","robots":{"index":"index","follow":"follow","max-snippet":"max-snippet:-1","max-image-preview":"max-image-preview:large","max-video-preview":"max-video-preview:-1"},"canonical":"https:\/\/www.yourflatvalencia.com\/?page_id=1062","og_locale":"es_ES","og_type":"article","og_title":"Ubicaci\u00f3n - yourflatvalencia.com","og_description":"Ubicaci\u00f3n Apartamento 1, Loft Totalmente equipado + Garaje y wifi, Vista desde: Avenida Cardenal Benlloch, desde Avenida del puerto Apartamento 2, Piso en Mestalla totalmente equipado + Garaje + WiFi, Vista desde: Calle Caravaca Esquina Avenida Cardenal Benlloch Apartamento 3, Jacuzzi en Mestalla, Patio, WiFi, Tv. Piso entero, Vista desde: Avenida Cardenal Benlloch Esquina Calle&hellip;&nbsp;Leer m\u00e1s &raquo;Ubicaci\u00f3n","og_url":"https:\/\/www.yourflatvalencia.com\/?page_id=1062","og_site_name":"yourflatvalencia.com","article_modified_time":"2019-12-03T21:34:00+00:00","og_image":[{"url":"https:\/\/www.yourflatvalencia.com\/wp-content\/uploads\/elementor\/thumbs\/1-Entorno-ohdrhbpv17jz3vbdfhsohun5n8q73u6sucv9hpwtc8.jpg","type":"","width":"","height":""}],"twitter_card":"summary_large_image","twitter_misc":{"Tiempo de lectura":"1 minuto"},"schema":{"@context":"https:\/\/schema.org","@graph":[{"@type":"WebPage","@id":"https:\/\/www.yourflatvalencia.com\/?page_id=1062","url":"https:\/\/www.yourflatvalencia.com\/?page_id=1062","name":"Ubicaci\u00f3n - yourflatvalencia.com","isPartOf":{"@id":"https:\/\/www.yourflatvalencia.com\/#website"},"primaryImageOfPage":{"@id":"https:\/\/www.yourflatvalencia.com\/?page_id=1062#primaryimage"},"image":{"@id":"https:\/\/www.yourflatvalencia.com\/?page_id=1062#primaryimage"},"thumbnailUrl":"https:\/\/www.yourflatvalencia.com\/wp-content\/uploads\/elementor\/thumbs\/1-Entorno-ohdrhbpv17jz3vbdfhsohun5n8q73u6sucv9hpwtc8.jpg","datePublished":"2019-12-02T17:52:16+00:00","dateModified":"2019-12-03T21:34:00+00:00","breadcrumb":{"@id":"https:\/\/www.yourflatvalencia.com\/?page_id=1062#breadcrumb"},"inLanguage":"es","potentialAction":[{"@type":"ReadAction","target":["https:\/\/www.yourflatvalencia.com\/?page_id=1062"]}]},{"@type":"ImageObject","inLanguage":"es","@id":"https:\/\/www.yourflatvalencia.com\/?page_id=1062#primaryimage","url":"https:\/\/www.yourflatvalencia.com\/wp-content\/uploads\/elementor\/thumbs\/1-Entorno-ohdrhbpv17jz3vbdfhsohun5n8q73u6sucv9hpwtc8.jpg","contentUrl":"https:\/\/www.yourflatvalencia.com\/wp-content\/uploads\/elementor\/thumbs\/1-Entorno-ohdrhbpv17jz3vbdfhsohun5n8q73u6sucv9hpwtc8.jpg"},{"@type":"BreadcrumbList","@id":"https:\/\/www.yourflatvalencia.com\/?page_id=1062#breadcrumb","itemListElement":[{"@type":"ListItem","position":1,"name":"Portada","item":"https:\/\/www.yourflatvalencia.com\/"},{"@type":"ListItem","position":2,"name":"Ubicaci\u00f3n"}]},{"@type":"WebSite","@id":"https:\/\/www.yourflatvalencia.com\/#website","url":"https:\/\/www.yourflatvalencia.com\/","name":"yourflatvalencia.com","description":"apartamentos valencia, flats valencia","publisher":{"@id":"https:\/\/www.yourflatvalencia.com\/#organization"},"potentialAction":[{"@type":"SearchAction","target":{"@type":"EntryPoint","urlTemplate":"https:\/\/www.yourflatvalencia.com\/?s={search_term_string}"},"query-input":{"@type":"PropertyValueSpecification","valueRequired":true,"valueName":"search_term_string"}}],"inLanguage":"es"},{"@type":"Organization","@id":"https:\/\/www.yourflatvalencia.com\/#organization","name":"yourflatvalencia.com","url":"https:\/\/www.yourflatvalencia.com\/","logo":{"@type":"ImageObject","inLanguage":"es","@id":"https:\/\/www.yourflatvalencia.com\/#\/schema\/logo\/image\/","url":"","contentUrl":"","caption":"yourflatvalencia.com"},"image":{"@id":"https:\/\/www.yourflatvalencia.com\/#\/schema\/logo\/image\/"}}]}},"_links":{"self":[{"href":"https:\/\/www.yourflatvalencia.com\/index.php?rest_route=\/wp\/v2\/pages\/1062","targetHints":{"allow":["GET"]}}],"collection":[{"href":"https:\/\/www.yourflatvalencia.com\/index.php?rest_route=\/wp\/v2\/pages"}],"about":[{"href":"https:\/\/www.yourflatvalencia.com\/index.php?rest_route=\/wp\/v2\/types\/page"}],"author":[{"embeddable":true,"href":"https:\/\/www.yourflatvalencia.com\/index.php?rest_route=\/wp\/v2\/users\/1"}],"replies":[{"embeddable":true,"href":"https:\/\/www.yourflatvalencia.com\/index.php?rest_route=%2Fwp%2Fv2%2Fcomments&post=1062"}],"version-history":[{"count":15,"href":"https:\/\/www.yourflatvalencia.com\/index.php?rest_route=\/wp\/v2\/pages\/1062\/revisions"}],"predecessor-version":[{"id":1142,"href":"https:\/\/www.yourflatvalencia.com\/index.php?rest_route=\/wp\/v2\/pages\/1062\/revisions\/1142"}],"wp:attachment":[{"href":"https:\/\/www.yourflatvalencia.com\/index.php?rest_route=%2Fwp%2Fv2%2Fmedia&parent=1062"}],"curies":[{"name":"wp","href":"https:\/\/api.w.org\/{rel}","templated":true}]}}