{"id":1079,"date":"2019-12-02T18:21:14","date_gmt":"2019-12-02T18:21:14","guid":{"rendered":"https:\/\/www.yourflatvalencia.com\/?page_id=1079"},"modified":"2019-12-02T18:39:27","modified_gmt":"2019-12-02T18:39:27","slug":"elementor-1079","status":"publish","type":"page","link":"https:\/\/www.yourflatvalencia.com\/?page_id=1079","title":{"rendered":"Nosotros"},"content":{"rendered":"\t\t<div data-elementor-type=\"wp-page\" data-elementor-id=\"1079\" class=\"elementor elementor-1079\">\n\t\t\t\t\t\t<section class=\"elementor-section elementor-top-section elementor-element elementor-element-3ad8e72d elementor-section-boxed elementor-section-height-default elementor-section-height-default\" data-id=\"3ad8e72d\" data-element_type=\"section\">\n\t\t\t\t\t\t<div class=\"elementor-container elementor-column-gap-default\">\n\t\t\t\t\t<div class=\"elementor-column elementor-col-100 elementor-top-column elementor-element elementor-element-217091de\" data-id=\"217091de\" data-element_type=\"column\" data-settings=\"{&quot;background_background&quot;:&quot;classic&quot;}\">\n\t\t\t<div class=\"elementor-widget-wrap elementor-element-populated\">\n\t\t\t\t\t\t<div class=\"elementor-element elementor-element-4d1c8312 elementor-widget elementor-widget-heading\" data-id=\"4d1c8312\" data-element_type=\"widget\" data-widget_type=\"heading.default\">\n\t\t\t\t<div class=\"elementor-widget-container\">\n\t\t\t\t\t<h2 class=\"elementor-heading-title elementor-size-default\">Nosotros<\/h2>\t\t\t\t<\/div>\n\t\t\t\t<\/div>\n\t\t\t\t<div class=\"elementor-element elementor-element-72c1e5a8 elementor-widget-divider--view-line elementor-widget elementor-widget-divider\" data-id=\"72c1e5a8\" data-element_type=\"widget\" data-widget_type=\"divider.default\">\n\t\t\t\t<div class=\"elementor-widget-container\">\n\t\t\t\t\t\t\t<div class=\"elementor-divider\">\n\t\t\t<span class=\"elementor-divider-separator\">\n\t\t\t\t\t\t<\/span>\n\t\t<\/div>\n\t\t\t\t\t\t<\/div>\n\t\t\t\t<\/div>\n\t\t\t\t\t<\/div>\n\t\t<\/div>\n\t\t\t\t\t<\/div>\n\t\t<\/section>\n\t\t\t\t<section class=\"elementor-section elementor-top-section elementor-element elementor-element-1b5b6bb2 elementor-section-boxed elementor-section-height-default elementor-section-height-default\" data-id=\"1b5b6bb2\" data-element_type=\"section\">\n\t\t\t\t\t\t<div class=\"elementor-container elementor-column-gap-default\">\n\t\t\t\t\t<div class=\"elementor-column elementor-col-100 elementor-top-column elementor-element elementor-element-4fb986e6\" data-id=\"4fb986e6\" data-element_type=\"column\">\n\t\t\t<div class=\"elementor-widget-wrap elementor-element-populated\">\n\t\t\t\t\t\t<div class=\"elementor-element elementor-element-527c9ce elementor-widget elementor-widget-image-gallery\" data-id=\"527c9ce\" data-element_type=\"widget\" data-widget_type=\"image-gallery.default\">\n\t\t\t\t<div class=\"elementor-widget-container\">\n\t\t\t\t\t\t\t<div class=\"elementor-image-gallery\">\n\t\t\t<div id='gallery-1' class='gallery galleryid-1079 gallery-columns-3 gallery-size-large'><figure class='gallery-item'>\n\t\t\t<div class='gallery-icon landscape'>\n\t\t\t\t<a data-elementor-open-lightbox=\"yes\" data-elementor-lightbox-slideshow=\"527c9ce\" data-elementor-lightbox-title=\"Perfil 002\" data-e-action-hash=\"#elementor-action%3Aaction%3Dlightbox%26settings%3DeyJpZCI6NTAsInVybCI6Imh0dHBzOlwvXC93d3cueW91cmZsYXR2YWxlbmNpYS5jb21cL3dwLWNvbnRlbnRcL3VwbG9hZHNcLzIwMTdcLzAzXC9QZXJmaWwtMDAyLmpwZyIsInNsaWRlc2hvdyI6IjUyN2M5Y2UifQ%3D%3D\" href='https:\/\/www.yourflatvalencia.com\/wp-content\/uploads\/2017\/03\/Perfil-002.jpg'><img fetchpriority=\"high\" decoding=\"async\" width=\"700\" height=\"467\" src=\"https:\/\/www.yourflatvalencia.com\/wp-content\/uploads\/2017\/03\/Perfil-002.jpg\" class=\"attachment-large size-large\" alt=\"\" srcset=\"https:\/\/www.yourflatvalencia.com\/wp-content\/uploads\/2017\/03\/Perfil-002.jpg 700w, https:\/\/www.yourflatvalencia.com\/wp-content\/uploads\/2017\/03\/Perfil-002-300x200.jpg 300w\" sizes=\"(max-width: 700px) 100vw, 700px\" \/><\/a>\n\t\t\t<\/div><\/figure><figure class='gallery-item'>\n\t\t\t<div class='gallery-icon landscape'>\n\t\t\t\t<a data-elementor-open-lightbox=\"yes\" data-elementor-lightbox-slideshow=\"527c9ce\" data-elementor-lightbox-title=\"Caravaca13-28 (19)\" data-e-action-hash=\"#elementor-action%3Aaction%3Dlightbox%26settings%3DeyJpZCI6NzQ4LCJ1cmwiOiJodHRwczpcL1wvd3d3LnlvdXJmbGF0dmFsZW5jaWEuY29tXC93cC1jb250ZW50XC91cGxvYWRzXC9DYXJhdmFjYTEzLTI4LTE5LmpwZyIsInNsaWRlc2hvdyI6IjUyN2M5Y2UifQ%3D%3D\" href='https:\/\/www.yourflatvalencia.com\/wp-content\/uploads\/Caravaca13-28-19.jpg'><img decoding=\"async\" width=\"1024\" height=\"683\" src=\"https:\/\/www.yourflatvalencia.com\/wp-content\/uploads\/Caravaca13-28-19-1024x683.jpg\" class=\"attachment-large size-large\" alt=\"\" srcset=\"https:\/\/www.yourflatvalencia.com\/wp-content\/uploads\/Caravaca13-28-19-1024x683.jpg 1024w, https:\/\/www.yourflatvalencia.com\/wp-content\/uploads\/Caravaca13-28-19-300x200.jpg 300w, https:\/\/www.yourflatvalencia.com\/wp-content\/uploads\/Caravaca13-28-19-768x512.jpg 768w, https:\/\/www.yourflatvalencia.com\/wp-content\/uploads\/Caravaca13-28-19-930x620.jpg 930w, https:\/\/www.yourflatvalencia.com\/wp-content\/uploads\/Caravaca13-28-19.jpg 1440w\" sizes=\"(max-width: 1024px) 100vw, 1024px\" \/><\/a>\n\t\t\t<\/div><\/figure><figure class='gallery-item'>\n\t\t\t<div class='gallery-icon landscape'>\n\t\t\t\t<a data-elementor-open-lightbox=\"yes\" data-elementor-lightbox-slideshow=\"527c9ce\" data-elementor-lightbox-title=\"Jacuzzi86-1 (14)\" data-e-action-hash=\"#elementor-action%3Aaction%3Dlightbox%26settings%3DeyJpZCI6NzczLCJ1cmwiOiJodHRwczpcL1wvd3d3LnlvdXJmbGF0dmFsZW5jaWEuY29tXC93cC1jb250ZW50XC91cGxvYWRzXC9KYWN1enppODYtMS0xNC5qcGciLCJzbGlkZXNob3ciOiI1MjdjOWNlIn0%3D\" href='https:\/\/www.yourflatvalencia.com\/wp-content\/uploads\/Jacuzzi86-1-14.jpg'><img decoding=\"async\" width=\"1024\" height=\"683\" src=\"https:\/\/www.yourflatvalencia.com\/wp-content\/uploads\/Jacuzzi86-1-14-1024x683.jpg\" class=\"attachment-large size-large\" alt=\"\" srcset=\"https:\/\/www.yourflatvalencia.com\/wp-content\/uploads\/Jacuzzi86-1-14-1024x683.jpg 1024w, https:\/\/www.yourflatvalencia.com\/wp-content\/uploads\/Jacuzzi86-1-14-300x200.jpg 300w, https:\/\/www.yourflatvalencia.com\/wp-content\/uploads\/Jacuzzi86-1-14-768x512.jpg 768w, https:\/\/www.yourflatvalencia.com\/wp-content\/uploads\/Jacuzzi86-1-14-930x620.jpg 930w, https:\/\/www.yourflatvalencia.com\/wp-content\/uploads\/Jacuzzi86-1-14.jpg 1440w\" sizes=\"(max-width: 1024px) 100vw, 1024px\" \/><\/a>\n\t\t\t<\/div><\/figure>\n\t\t<\/div>\n\t\t<\/div>\n\t\t\t\t\t\t<\/div>\n\t\t\t\t<\/div>\n\t\t\t\t<div class=\"elementor-element elementor-element-5221f2e9 elementor-widget elementor-widget-icon-box\" data-id=\"5221f2e9\" data-element_type=\"widget\" data-widget_type=\"icon-box.default\">\n\t\t\t\t<div class=\"elementor-widget-container\">\n\t\t\t\t\t\t\t<div class=\"elementor-icon-box-wrapper\">\n\n\t\t\t\n\t\t\t\t\t\t<div class=\"elementor-icon-box-content\">\n\n\t\t\t\t\n\t\t\t\t\t\t\t\t\t<p class=\"elementor-icon-box-description\">\n\t\t\t\t\t\tSomos Nelly y Luis, con m\u00e1s de 30 a\u00f1os de matrimonio. Nos encanta compartir buenos momentos con nuestra familia, la buena comida alguna pel\u00edcula de vez en cuando, entre todos formamos un equipo para poder llevar a cabo todas las metas y objetivos que nos hemos propuesto, entre ellas la labor de que el   alojamiento est\u00e9 en perfecto estado para todos los hu\u00e9spedes.  Te ense\u00f1amos nuestros pisos y esperamos que sea del agrado de todos. Elije nuestro apartamento y estaremos encantados de recibirte y de contestar a todas las preguntas y dudas que tengas. <br>\nVis\u00edtanos en  Valencia, una de las ciudades m\u00e1s bonitas del mundo con un excelente clima, con d\u00edas soleados  la mayor parte del a\u00f1o, lugares tur\u00edsticos reconocidos a nivel mundial, ferias internacionales como el CEVISAMA, Sal\u00f3n del mueble, entre otras, Eventos Culturales, Eventos Deportivos, Eventos Sociales y muchas otras actividades que est\u00e1n esperando por ti.<br>\nAqu\u00ed puedes encontrar muchos detalles sobre el piso y sus alrededores. Playas cercanas, Calendarios de eventos, Lugares de fiesta, Sitios tur\u00edsticos..etc.   \nVisita los enlaces que te ayudar\u00e1n a elegir la mejor opci\u00f3n.\t\t\t\t\t<\/p>\n\t\t\t\t\n\t\t\t<\/div>\n\t\t\t\n\t\t<\/div>\n\t\t\t\t\t\t<\/div>\n\t\t\t\t<\/div>\n\t\t\t\t\t<\/div>\n\t\t<\/div>\n\t\t\t\t\t<\/div>\n\t\t<\/section>\n\t\t\t\t<\/div>\n\t\t","protected":false},"excerpt":{"rendered":"<p>Nosotros Somos Nelly y Luis, con m\u00e1s de 30 a\u00f1os de matrimonio. Nos encanta compartir buenos momentos con nuestra familia, la buena comida alguna pel\u00edcula de vez en cuando, entre todos formamos un equipo para poder llevar a cabo todas las metas y objetivos que nos hemos propuesto, entre ellas la labor de que el&hellip;&nbsp;<a href=\"https:\/\/www.yourflatvalencia.com\/?page_id=1079\" rel=\"bookmark\">Leer m\u00e1s &raquo;<span class=\"screen-reader-text\">Nosotros<\/span><\/a><\/p>\n","protected":false},"author":1,"featured_media":0,"parent":0,"menu_order":0,"comment_status":"closed","ping_status":"closed","template":"page-templates\/template-pagebuilder-full-width.php","meta":{"neve_meta_sidebar":"full-width","neve_meta_container":"default","neve_meta_enable_content_width":"on","neve_meta_content_width":100,"neve_meta_title_alignment":"","neve_meta_author_avatar":"","neve_post_elements_order":"","neve_meta_disable_header":"off","neve_meta_disable_footer":"off","neve_meta_disable_title":"off","footnotes":""},"class_list":["post-1079","page","type-page","status-publish","hentry"],"yoast_head":"<!-- This site is optimized with the Yoast SEO plugin v24.2 - https:\/\/yoast.com\/wordpress\/plugins\/seo\/ -->\n<title>Nosotros - yourflatvalencia.com<\/title>\n<meta name=\"robots\" content=\"index, follow, max-snippet:-1, max-image-preview:large, max-video-preview:-1\" \/>\n<link rel=\"canonical\" href=\"https:\/\/www.yourflatvalencia.com\/?page_id=1079\" \/>\n<meta property=\"og:locale\" content=\"es_ES\" \/>\n<meta property=\"og:type\" content=\"article\" \/>\n<meta property=\"og:title\" content=\"Nosotros - yourflatvalencia.com\" \/>\n<meta property=\"og:description\" content=\"Nosotros Somos Nelly y Luis, con m\u00e1s de 30 a\u00f1os de matrimonio. Nos encanta compartir buenos momentos con nuestra familia, la buena comida alguna pel\u00edcula de vez en cuando, entre todos formamos un equipo para poder llevar a cabo todas las metas y objetivos que nos hemos propuesto, entre ellas la labor de que el&hellip;&nbsp;Leer m\u00e1s &raquo;Nosotros\" \/>\n<meta property=\"og:url\" content=\"https:\/\/www.yourflatvalencia.com\/?page_id=1079\" \/>\n<meta property=\"og:site_name\" content=\"yourflatvalencia.com\" \/>\n<meta property=\"article:modified_time\" content=\"2019-12-02T18:39:27+00:00\" \/>\n<meta property=\"og:image\" content=\"https:\/\/www.yourflatvalencia.com\/wp-content\/uploads\/2017\/03\/Perfil-002.jpg\" \/>\n<meta name=\"twitter:card\" content=\"summary_large_image\" \/>\n<meta name=\"twitter:label1\" content=\"Tiempo de lectura\" \/>\n\t<meta name=\"twitter:data1\" content=\"1 minuto\" \/>\n<script type=\"application\/ld+json\" class=\"yoast-schema-graph\">{\"@context\":\"https:\/\/schema.org\",\"@graph\":[{\"@type\":\"WebPage\",\"@id\":\"https:\/\/www.yourflatvalencia.com\/?page_id=1079\",\"url\":\"https:\/\/www.yourflatvalencia.com\/?page_id=1079\",\"name\":\"Nosotros - yourflatvalencia.com\",\"isPartOf\":{\"@id\":\"https:\/\/www.yourflatvalencia.com\/#website\"},\"primaryImageOfPage\":{\"@id\":\"https:\/\/www.yourflatvalencia.com\/?page_id=1079#primaryimage\"},\"image\":{\"@id\":\"https:\/\/www.yourflatvalencia.com\/?page_id=1079#primaryimage\"},\"thumbnailUrl\":\"https:\/\/www.yourflatvalencia.com\/wp-content\/uploads\/2017\/03\/Perfil-002.jpg\",\"datePublished\":\"2019-12-02T18:21:14+00:00\",\"dateModified\":\"2019-12-02T18:39:27+00:00\",\"breadcrumb\":{\"@id\":\"https:\/\/www.yourflatvalencia.com\/?page_id=1079#breadcrumb\"},\"inLanguage\":\"es\",\"potentialAction\":[{\"@type\":\"ReadAction\",\"target\":[\"https:\/\/www.yourflatvalencia.com\/?page_id=1079\"]}]},{\"@type\":\"ImageObject\",\"inLanguage\":\"es\",\"@id\":\"https:\/\/www.yourflatvalencia.com\/?page_id=1079#primaryimage\",\"url\":\"https:\/\/www.yourflatvalencia.com\/wp-content\/uploads\/2017\/03\/Perfil-002.jpg\",\"contentUrl\":\"https:\/\/www.yourflatvalencia.com\/wp-content\/uploads\/2017\/03\/Perfil-002.jpg\"},{\"@type\":\"BreadcrumbList\",\"@id\":\"https:\/\/www.yourflatvalencia.com\/?page_id=1079#breadcrumb\",\"itemListElement\":[{\"@type\":\"ListItem\",\"position\":1,\"name\":\"Portada\",\"item\":\"https:\/\/www.yourflatvalencia.com\/\"},{\"@type\":\"ListItem\",\"position\":2,\"name\":\"Nosotros\"}]},{\"@type\":\"WebSite\",\"@id\":\"https:\/\/www.yourflatvalencia.com\/#website\",\"url\":\"https:\/\/www.yourflatvalencia.com\/\",\"name\":\"yourflatvalencia.com\",\"description\":\"apartamentos valencia, flats valencia\",\"publisher\":{\"@id\":\"https:\/\/www.yourflatvalencia.com\/#organization\"},\"potentialAction\":[{\"@type\":\"SearchAction\",\"target\":{\"@type\":\"EntryPoint\",\"urlTemplate\":\"https:\/\/www.yourflatvalencia.com\/?s={search_term_string}\"},\"query-input\":{\"@type\":\"PropertyValueSpecification\",\"valueRequired\":true,\"valueName\":\"search_term_string\"}}],\"inLanguage\":\"es\"},{\"@type\":\"Organization\",\"@id\":\"https:\/\/www.yourflatvalencia.com\/#organization\",\"name\":\"yourflatvalencia.com\",\"url\":\"https:\/\/www.yourflatvalencia.com\/\",\"logo\":{\"@type\":\"ImageObject\",\"inLanguage\":\"es\",\"@id\":\"https:\/\/www.yourflatvalencia.com\/#\/schema\/logo\/image\/\",\"url\":\"\",\"contentUrl\":\"\",\"caption\":\"yourflatvalencia.com\"},\"image\":{\"@id\":\"https:\/\/www.yourflatvalencia.com\/#\/schema\/logo\/image\/\"}}]}<\/script>\n<!-- \/ Yoast SEO plugin. -->","yoast_head_json":{"title":"Nosotros - yourflatvalencia.com","robots":{"index":"index","follow":"follow","max-snippet":"max-snippet:-1","max-image-preview":"max-image-preview:large","max-video-preview":"max-video-preview:-1"},"canonical":"https:\/\/www.yourflatvalencia.com\/?page_id=1079","og_locale":"es_ES","og_type":"article","og_title":"Nosotros - yourflatvalencia.com","og_description":"Nosotros Somos Nelly y Luis, con m\u00e1s de 30 a\u00f1os de matrimonio. Nos encanta compartir buenos momentos con nuestra familia, la buena comida alguna pel\u00edcula de vez en cuando, entre todos formamos un equipo para poder llevar a cabo todas las metas y objetivos que nos hemos propuesto, entre ellas la labor de que el&hellip;&nbsp;Leer m\u00e1s &raquo;Nosotros","og_url":"https:\/\/www.yourflatvalencia.com\/?page_id=1079","og_site_name":"yourflatvalencia.com","article_modified_time":"2019-12-02T18:39:27+00:00","og_image":[{"url":"https:\/\/www.yourflatvalencia.com\/wp-content\/uploads\/2017\/03\/Perfil-002.jpg","type":"","width":"","height":""}],"twitter_card":"summary_large_image","twitter_misc":{"Tiempo de lectura":"1 minuto"},"schema":{"@context":"https:\/\/schema.org","@graph":[{"@type":"WebPage","@id":"https:\/\/www.yourflatvalencia.com\/?page_id=1079","url":"https:\/\/www.yourflatvalencia.com\/?page_id=1079","name":"Nosotros - yourflatvalencia.com","isPartOf":{"@id":"https:\/\/www.yourflatvalencia.com\/#website"},"primaryImageOfPage":{"@id":"https:\/\/www.yourflatvalencia.com\/?page_id=1079#primaryimage"},"image":{"@id":"https:\/\/www.yourflatvalencia.com\/?page_id=1079#primaryimage"},"thumbnailUrl":"https:\/\/www.yourflatvalencia.com\/wp-content\/uploads\/2017\/03\/Perfil-002.jpg","datePublished":"2019-12-02T18:21:14+00:00","dateModified":"2019-12-02T18:39:27+00:00","breadcrumb":{"@id":"https:\/\/www.yourflatvalencia.com\/?page_id=1079#breadcrumb"},"inLanguage":"es","potentialAction":[{"@type":"ReadAction","target":["https:\/\/www.yourflatvalencia.com\/?page_id=1079"]}]},{"@type":"ImageObject","inLanguage":"es","@id":"https:\/\/www.yourflatvalencia.com\/?page_id=1079#primaryimage","url":"https:\/\/www.yourflatvalencia.com\/wp-content\/uploads\/2017\/03\/Perfil-002.jpg","contentUrl":"https:\/\/www.yourflatvalencia.com\/wp-content\/uploads\/2017\/03\/Perfil-002.jpg"},{"@type":"BreadcrumbList","@id":"https:\/\/www.yourflatvalencia.com\/?page_id=1079#breadcrumb","itemListElement":[{"@type":"ListItem","position":1,"name":"Portada","item":"https:\/\/www.yourflatvalencia.com\/"},{"@type":"ListItem","position":2,"name":"Nosotros"}]},{"@type":"WebSite","@id":"https:\/\/www.yourflatvalencia.com\/#website","url":"https:\/\/www.yourflatvalencia.com\/","name":"yourflatvalencia.com","description":"apartamentos valencia, flats valencia","publisher":{"@id":"https:\/\/www.yourflatvalencia.com\/#organization"},"potentialAction":[{"@type":"SearchAction","target":{"@type":"EntryPoint","urlTemplate":"https:\/\/www.yourflatvalencia.com\/?s={search_term_string}"},"query-input":{"@type":"PropertyValueSpecification","valueRequired":true,"valueName":"search_term_string"}}],"inLanguage":"es"},{"@type":"Organization","@id":"https:\/\/www.yourflatvalencia.com\/#organization","name":"yourflatvalencia.com","url":"https:\/\/www.yourflatvalencia.com\/","logo":{"@type":"ImageObject","inLanguage":"es","@id":"https:\/\/www.yourflatvalencia.com\/#\/schema\/logo\/image\/","url":"","contentUrl":"","caption":"yourflatvalencia.com"},"image":{"@id":"https:\/\/www.yourflatvalencia.com\/#\/schema\/logo\/image\/"}}]}},"_links":{"self":[{"href":"https:\/\/www.yourflatvalencia.com\/index.php?rest_route=\/wp\/v2\/pages\/1079","targetHints":{"allow":["GET"]}}],"collection":[{"href":"https:\/\/www.yourflatvalencia.com\/index.php?rest_route=\/wp\/v2\/pages"}],"about":[{"href":"https:\/\/www.yourflatvalencia.com\/index.php?rest_route=\/wp\/v2\/types\/page"}],"author":[{"embeddable":true,"href":"https:\/\/www.yourflatvalencia.com\/index.php?rest_route=\/wp\/v2\/users\/1"}],"replies":[{"embeddable":true,"href":"https:\/\/www.yourflatvalencia.com\/index.php?rest_route=%2Fwp%2Fv2%2Fcomments&post=1079"}],"version-history":[{"count":9,"href":"https:\/\/www.yourflatvalencia.com\/index.php?rest_route=\/wp\/v2\/pages\/1079\/revisions"}],"predecessor-version":[{"id":1088,"href":"https:\/\/www.yourflatvalencia.com\/index.php?rest_route=\/wp\/v2\/pages\/1079\/revisions\/1088"}],"wp:attachment":[{"href":"https:\/\/www.yourflatvalencia.com\/index.php?rest_route=%2Fwp%2Fv2%2Fmedia&parent=1079"}],"curies":[{"name":"wp","href":"https:\/\/api.w.org\/{rel}","templated":true}]}}